ate a(0).
-3
Let k(g) = -7*g. Let c(m) = 13*m. Let j(h) = -6*c(h) - 11*k(h). Let s be 2/5*(1 - -4). Suppose s = -4*q + 5*x, -12 = 3*q - 7*q - 2*x. Determine j(q).
-2
Let w = -14 - -2. Let f be -1 - (-1 + w/3). Suppose h + d = 2, -d - 29 = -f*h - 6. Let u(o) = -o**2 + 5*o - 3. Calculate u(h).
-3
Let n(d) = -d**3 + 8*d**2 + 11*d - 11. Let b be n(9). Let t = b - 8. Let y(m) = -9*m**3 + m**2 + m. What is y(t)?
9
Let d = 95 + -91. Let r(h) be the third derivative of h**4/12 - h**3/3 - h**2. Determine r(d).
6
Let o(k) be the third derivative of -5*k**2 + 0 - 5/24*k**4 + 0*k - k**3 + 1/60*k**5. Give o(6).
0
Let y(f) = -f + 1 - 1 + 1 + 2*f**3 - 820*f**2 + 819*f**2. Give y(1).
1
Let q(b) = -b - 1. Let d be q(4). Let l(t) = -t**2 - 5*t + 2. Let y be l(d). Let r(c) = c**3 + c - 5*c**2 + y*c - 4*c + 7. Determine r(5).
2
Let i(j) = j**2 - 3*j - 4. Let g be i(4). Let b(a) be the first derivative of -3 - 2*a + 1/2*a**2. Calculate b(g).
-2
Let g(q) = q + 5. Let f be g(-5). Let k(s) = f*s - 3 - s + 8 + 0*s. What is k(4)?
1
Let w = 4 + -7. Let n(z) be the third derivative of 0*z + 0 + 1/6*z**3 - 4*z**2 - 1/24*z**4. Determine n(w).
4
Let t(r) = r**3 + 5*r**2 - 3. Let a be (-13 - -11)*4/2. What is t(a)?
13
Let c(j) = -j**3 + 7*j**2 - 3*j - 3. Suppose 0*d - 4*y = -2*d + 28, 0 = -4*d - 5*y + 4. Calculate c(d).
15
Let j(y) = -y**2 + 5*y - 2. Let b be 3/(-6) + 34/4. Suppose 5*i - 12 - b = 0. Give j(i).
2
Let l(s) = -3*s**2 + 3*s - 19. Let a(h) = -4*h**2 + 4*h - 20. Let g(o) = -4*a(o) + 5*l(o). Give g(0).
-15
Suppose -3*a = -s + 12, 4*s - 5*a - 1 = 26. Let v be 1/(-2)*(-2 - -4). Let n(o) = -o**2 + 1. Let g(r) = r**2 + 5*r - 6. Let q(p) = v*g(p) - 3*n(p). Give q(s).
6
Let c(b) be the second derivative of -b**6/360 - b**5/30 + b**4/8 - b**3/2 - 2*b. Let l(d) be the second derivative of c(d). Calculate l(-5).
-2
Let r(s) = -s**2 - 5*s - 6. Suppose 26 = -5*q - f, q = 4*f + 2 - 3. Let d be r(q). Let o(g) = g**3 + 6*g**2 - g - 8. Calculate o(d).
-2
Let h(a) = a**3 - 2*a**2 + a + 3. Suppose 7*c - 4*c - 9 = 0. Determine h(c).
15
Let d(v) = v**2 + v. Let b(k) = 4*k**3 - 3*k**2 - 2*k + 1. Let o(z) = b(z) + 4*d(z). Suppose 0 = 5*g - 5*u - 20, 0 = -g - 4*u - 0 - 21. What is o(g)?
-4
Suppose 0*h = -0*h - 4*h. Let r(s) be the third derivative of 1/60*s**5 + 1/24*s**4 + 0 + 1/6*s**3 + h*s - s**2. What is r(-1)?
1
Let w(c) = -c**3 + 4*c - 1. Let j be (3/(-9))/(-3 + (-56)/(-18)). Calculate w(j).
14
Let j(w) = -36*w - 13. Suppose 5*c + 32 = -3*v, 0 = v + v + 2*c + 20. Let d(z) = 9*z + 3. Let q(k) = v*d(k) - 2*j(k). What is q(-1)?
8
Let f(k) = k**2 + 7*k + 0*k + 0*k + 2*k + 7. Let l(t) = t + 1. Let x be l(-7). Determine f(x).
-11
Let d(b) be the second derivative of b**3/3 + b**2/2 - b. Let u be (-6 - -2)*1/(-2). Give d(u).
5
Suppose -11 = -5*u + 9. Let d(x) be the third derivative of x**6/120 - x**5/20 - x**4/8 + 2*x**3/3 + 2*x**2. Calculate d(u).
8
Let n(s) = s**2 + 5*s - 7. Suppose 5*h + 0*d + 26 = -2*d, -h - 14 = -4*d. Give n(h).
-1
Let t(n) = -n**3 - 1. Let v(p) = -p + 2. Let u be (1 + (-3)/6)*-4. Let o be v(u). Let k(r) = -r**3 + 5*r**2 - 4*r - 1. Let y be k(o). What is t(y)?
0
Let u(g) = -5*g - 1. Suppose -3*a + 2*a + 5 = 0. Suppose -s - 4 = -a*s. What is u(s)?
-6
Let j = -6 - -4. Let n be -3 - 1/2*j. Let o(q) = q + 1. Let u(p) = -14*p - 10. Let i(d) = n*u(d) - 20*o(d). Calculate i(1).
8
Suppose -9*v = -4*v + 2*o - 8, v - 5 = 3*o. Suppose -u = -2*u + 2*s - 6, -s + 14 = 5*u. Let g(k) = 2*k**u - 2 + 0*k**2 - 3*k**2 + 2*k. Determine g(v).
-2
Suppose -w - 7 = -2*n - 1, -w - n + 6 = 0. Let k(v) = -1 - 2*v - 1 + 1 - v**2 - w*v. Calculate k(-4).
-1
Let i(n) = -n**3 - 4*n**2 - n - 2. Suppose 2*u + 12 = 4. Calculate i(u).
2
Let b(a) = a**2 - 2*a - 1. Suppose 3*v + 3*l = 3, 0 = -0*l + 2*l + 8. Suppose 0 = -v*j + 4*d + 1 - 6, -d = -4*j - 4. Give b(j).
2
Suppose -5*n - 5 = -3*u, -3*n + u + 3 = 2. Let t(s) = s**2 - 21*s - 14. Let i(a) = -10*a - 7. Let h(x) = n*t(x) - 5*i(x). Give h(-5).
17
Let l(a) = a**2 + 1. Let t(h) = 5*h**2 + h + 5. Let u(n) = 4*l(n) - t(n). Let g(i) = -2*i**2 + i. Let r be g(-1). Determine u(r).
-7
Let o(x) = 2*x - 3*x - 2*x + 3 + x. Calculate o(5).
-7
Let k(r) = -r - 5. Suppose 0 = -2*b + 5*i + 3, 4*b = 5*i - 9. What is k(b)?
1
Let b be (1/(-2))/((-5)/(-10)). Let p(s) = 5*s**3 - 2*s**2 - s. Give p(b).
-6
Let v(y) be the third derivative of y**4/24 - y**3/3 - 14*y**2 + 3. Calculate v(-7).
-9
Suppose 0 = 4*o + t - 13, 5*o + 4*t = -0*t + 19. Suppose -z - o = 1. Let b(k) = 5*k - 2*k - k + 6. Calculate b(z).
-2
Let g(p) = p + 1. Let i(v) be the third derivative of -v**4/4 - 3*v**3/2 - 3*v**2. Let h(k) = 12*g(k) + i(k). Give h(-2).
-9
Let l(o) = -4 - 11 - 2*o + 14 + 0*o - 3*o**2. Give l(-1).
-2
Let v(t) = 7 + t**2 - 1 + 4*t - 3*t - 6*t. Give v(5).
6
Let k(d) = -4*d**2 + 0*d + 5*d**2 - 3 - 4*d. Suppose -5 = 2*w - 1. Determine k(w).
9
Let p(n) be the second derivative of n**4/12 + n**3 - 3*n**2/2 - 4*n. Let z be -3*(-1 - (-16)/6). Give p(z).
-8
Let s(j) = 13*j**2 + 8*j + 6. Let f(w) = 7*w**2 + 4*w + 3. Let n = -35 + 24. Let c(i) = n*f(i) + 6*s(i). Give c(-2).
-1
Let v(h) = -h + 1. Let d(z) = -3*z + 1. Let i(f) = -f**2 + 2*f + 11. Let w be i(5). Let x(r) = w*v(r) + d(r). Give x(6).
3
Let w(h) = -h**2 + 5*h + 2. Let n be w(5). Let m be (-2 - n)*(0 - 1). Suppose -x - m = 1. Let j(r) = r + 7. Give j(x).
2
Let j(k) = -k**2 - 5*k - 5. Let f(c) = 2*c + 1. Let a be f(-3). Give j(a).
-5
Let a(t) = t + 1. Let x = 7 + -3. Suppose -12 = -x*i + 12. Suppose 5*k - 4*j + 10 + 3 = 0, -3*j = -i. Give a(k).
0
Let g = -43 - -46. Let l(s) = s**2 - 4*s + 3. What is l(g)?
0
Let x(i) be the first derivative of -1 + 0*i - i**2 - 7/6*i**3 - 1/24*i**4. Let w(y) be the second derivative of x(y). Calculate w(0).
-7
Let d = 14 - 17. Let j be d/(-2 - 3/(-1)). Let w(u) = 3*u - 1. Give w(j).
-10
Let q = 5 - 2. Let y(l) = -q*l - 1 + 4 - 4. Suppose 2 = -2*n - 2. Give y(n).
5
Let k = -19 + 20. Let n(f) = k + 2*f - 5*f + 5*f - 2*f**3. What is n(-2)?
13
Let d(l) = 3 - 2 + 3 - 41*l**2 - 8*l + 42*l**2. Determine d(8).
4
Let h be (1 + -5)*(-5)/4. Suppose 0 = h*t - 3*o - 25, -3*t - t - 17 = 5*o. Let f(i) = -1 + 4*i - 5*i - t. Calculate f(-4).
1
Let m(s) = 5*s + 4. Let n(c) = -3*c. Let o(a) = -a. Let i(q) = n(q) - 2*o(q). Let p(v) = 6*i(v) + m(v). Let g = 25 - 22. What is p(g)?
1
Let n(w) = -w - 1. Let f(t) = -t**2 + 7*t - 3. Let j be f(5). Suppose -j = 5*r + 4*i + 25, 0 = i + 3. Give n(r).
3
Let s(t) = t**2 - 11*t + 6. Let a be -8*2/(-20)*10. Give s(a).
-18
Suppose -3*k + 3 = 3*s + 2*s, s + 3*k = 3. Suppose 2 = u - s. Suppose b = -o + 4, 0*o = -u*b + o - 7. Let f(y) = 8*y - 1. Give f(b).
-9
Let f(u) = -3*u. Let h(p) = -p**3 + 4*p**2 - 4*p - 1. Let t be h(3). What is f(t)?
12
Let r(b) = -b**2 + b**2 - b**3 - 6*b**2 + b - 1 + 6. Let v(n) = -5*n**2 - 2*n + 1. Let a be v(1). Determine r(a).
-1
Let m(z) = -1 - 2*z - 2*z - 1 - z**2 - 4. Give m(-5).
-11
Let y(x) be the second derivative of 0*x**2 + 2*x + 0 - 1/6*x**3. What is y(-3)?
3
Let o = -5 - 1. Let k = -4 - o. Suppose -y + a + 11 = k*y, 5*y - 3*a = 25. Let n(s) = s**3 - 4*s**2 + 2*s - 3. Calculate n(y).
-7
Let o(t) be the first derivative of -t**6/120 - t**5/15 + t**4/12 - 2*t**3/3 + t**2 - 5. Let j(p) be the second derivative of o(p). What is j(-4)?
-12
Let v be (-2)/(-5) - 56/(-35). Let w be 1/((-2)/12*v). Let a(l) = 4*l - 2*l - 3*l - l**2. Calculate a(w).
-6
Let k(x) be the first derivative of -x**5/60 + 7*x**4/24 + x**2 - 1. Let f(n) be the second derivative of k(n). What is f(5)?
10
Suppose 2*b = -0 + 4. Let d(w) = -4 + 1 + 2 + 2 + b*w. Determine d(-3).
-5
Suppose 4*x = 5*c + 2, 3 + 4 = -4*c + 5*x. Suppose 2*p = -2*p + 8. Let h(f) = -p*f + c*f**2 - 4*f**2 + 5*f + f**2. Give h(3).
0
Let l(d) = -d**3 - 4*d**2 + 3*d - 1. Suppose 0*n = 3*n - 2*x + 11, -3*n + 5*x = 5. Calculate l(n).
9
Let x(z) be the first derivative of -z**5/24 + z**4/24 + 2*z**3/3 + 7. Let a(r) be the third derivative of x(r). Give a(-1).
6
Let z = 4 - 2. Suppose -d + z = -3. Let o(b) = b + 1 + 0*b + 2 - 8. What is o(d)?
0
Let n(w) = -3*w**3 + 1. Suppose -5 = 5*t + d - 2*d, 0 = 5*t + 4*d + 5. Calculate n(t).
4
Let g(w) be the third derivative of -5*w**4/24 - 6*w**2. Determine g(1).
-5
Let u(h) be the second derivative of h**3/6 + 3*h**2/2 - h. Determine u(6).
9
Suppose -48*a + 53*a = 15. Let l(t